/(-2). Calculate the greatest common divisor of 512 and r.
16
Let m be (-948)/(-8)*5*2/15. What is the highest common factor of 4661 and m?
79
Let p(z) = -7*z + 29. Let m(n) = 3*n - 16. Let b(y) = -15*m(y) - 6*p(y). Let g be b(19). Calculate the greatest common factor of 657 and g.
9
Suppose 1393 = 17*v - 105197. Calculate the greatest common divisor of v and 66.
66
Suppose 4*o = -4*r + 641 + 675, 5*o + 3*r - 1635 = 0. Calculate the greatest common factor of o and 24.
12
Suppose 8*f + 6*p - 3*p - 173 = 0, -4*p + 106 = 5*f. What is the greatest common factor of f and 506?
22
Let f be 32/(-24) - 2/(-6). Let z be 3/(f - -4)*181 + 3. Let d = z + -94. Calculate the highest common factor of d and 18.
18
Let f(l) = -l**3 - 11*l**2 + 2*l + 24. Let j be f(-11). Suppose 5*r = -4*p + r + 132, j*p = -r + 66. Calculate the highest common factor of p and 3.
3
Let c(i) = 2*i**2 + 18*i + 172. Let s be c(-5). What is the highest common factor of s and 120?
12
Let n(f) be the first derivative of -1/4*f**4 - 10 + 3/2*f**2 - 15*f + 11/3*f**3. Let z be n(11). Calculate the greatest common divisor of z and 27.
9
Let c = -369 - -549. Suppose 0*x - c = -6*x. Calculate the highest common divisor of 390 and x.
30
Let k(d) = -2*d**3 + 3*d**2 - 6*d + 6. Let v be k(2). Let i be (-3 - (-100)/12)/(v/(-285)). Calculate the greatest common divisor of i and 38.
38
Suppose 21*d - 1588 = 23*d. Let h be (d/(-30) - 3/(-15))*9. Calculate the highest common divisor of 40 and h.
40
Suppose 117*p + 2100 = -149*p - 1092. Let c(u) = -37 + 0*u**2 - 16*u - u**2 + 0*u**2. Let r be c(p). What is the greatest common factor of 55 and r?
11
Let r be 490/6 - (-890)/(-1335). What is the highest common factor of 18 and r?
9
Suppose 23*s - 85227 = 86675. Calculate the highest common divisor of 74 and s.
74
Let q be (-1 - 430/(-14)) + (-6)/(-21). Let m = q + -21. What is the highest common factor of m and 9?
9
Let b(v) = 4*v - 16. Let i(g) = 28*g - 20. Let j be i(2). Let r be b(j). Suppose -3*q + 17 + 79 = 0. Calculate the greatest common factor of q and r.
32
Let x be (-8592)/(-78) + (-2)/13. Suppose -5*l + 1595 = x. What is the greatest common divisor of 33 and l?
33
Let z = -6288 + 8898. Calculate the highest common divisor of z and 2262.
174
Let z = 5 + 4. Let f be 2/(-3) - (2 + 84/z). Let v = 32 + f. Calculate the greatest common divisor of 140 and v.
20
Suppose -2*j = -a - 28, -j + 3*a = -2 - 12. Calculate the greatest common divisor of 17052 and j.
14
Let x = -41646 - -61173. Calculate the greatest common factor of 69 and x.
69
Let a(t) = -1421*t - 2769. Let g be a(-5). What is the greatest common factor of 48 and g?
16
Suppose 12*y - 15 = 69. Suppose 2*m + 116 = 4*a, -4*m + 6 = -y*m. Calculate the greatest common factor of 12 and a.
4
Let f be 15/20 + 322/8. Let j be ((-468)/(-162))/26 + 736/18. What is the greatest common divisor of f and j?
41
Suppose 5*q - 84 = 36. Let u = 738 + -722. Let h = u + q. What is the highest common divisor of 8 and h?
8
Suppose 68*c - 5*r + 206 = 72*c, c = -4*r + 57. What is the highest common divisor of c and 161?
7
Suppose 3*s - s - 13 = -v, 2*v - 31 = -5*s. Suppose -522 = -r - s*u - 107, -2*r + 814 = 2*u. What is the greatest common factor of r and 15?
15
Suppose -2*k - 833 = -913. Suppose -3*o - 5 + 29 = 0. What is the greatest common factor of o and k?
8
Let z be 276 + -175 - (-2 - -11 - 1). Calculate the greatest common factor of 15345 and z.
93
Suppose 0 = 2*q - 22 - 16. Let z(a) = -a**2 - 12*a - 35. Let p be z(-6). Let o be (76 - 0)/4*p. Calculate the highest common factor of q and o.
19
Let n = -234 + 270. Suppose 3420 = 19*q - 14*q. What is the greatest common divisor of q and n?
36
Let x(s) = 2*s**2 - 55*s + 650. Let c be x(18). What is the greatest common factor of c and 132?
44
Let a be (16 - 112)*1/(-3). Let u be ((-1182)/(-4))/((-4)/a*6). Let g = u - -614. Calculate the highest common divisor of 20 and g.
20
Suppose 0 = 29*c - 8105 - 23360. Calculate the greatest common factor of c and 280.
35
Suppose -4*y - u = 14, 0*u + 2*u - 4 = 0. Let q be (-2 - -7) + y + (2 - 1). Calculate the highest common factor of 34 and q.
2
Let c = 3669 + 12971. Calculate the greatest common factor of 65 and c.
65
Let s(v) = 8*v - 2 - 7 - v + 14*v. Let l be s(3). What is the highest common divisor of l and 12?
6
Let v = -25407 + 25431. Calculate the greatest common factor of 8216 and v.
8
Let g be -23*(-7)/((-805)/(-10)) - 2/(-1). Calculate the greatest common divisor of 213 and g.
1
Suppose 2*w = 3*h + 213, -29*w = -26*w - 2*h - 337. What is the greatest common divisor of w and 63?
9
Let x = -10583 + 14543. Calculate the greatest common divisor of x and 550.
110
Let s = 2644 + 425. Calculate the greatest common divisor of 594 and s.
99
Suppose -13*l + 775 = 18*l. What is the highest common factor of l and 385?
5
Let w be -28*(-88)/((-16)/(-4)) - 1. Let h = w - 426. Suppose 5*n - 113 = 4*a, 2 = n + 3*a - 13. Calculate the greatest common divisor of h and n.
21
Let n(r) be the third derivative of -r**6/120 - r**5/20 + 5*r**4/8 + 4*r**3 - 2*r**2 - 10. Let c be n(-6). Calculate the highest common divisor of c and 42.
42
Let q be (-6720)/9*((-588)/14)/14. What is the highest common divisor of 120 and q?
40
Let w be 402/15 - (-21 - -14 - 39/(-5)). Suppose 5*x - 74 = -9. Calculate the greatest common divisor of w and x.
13
Let m be ((8/10)/(-4))/((-216)/1080). Calculate the highest common factor of 397 and m.
1
Let i be (-49 - 80/10)/(3/(-4)). Suppose -5*o + 7*o - 124 = j, -4*j - i = -o. Calculate the greatest common divisor of 12 and o.
12
Let y(v) = -v**3 + 13*v**2 + 31*v + 19. Let s be y(12). Suppose -507 = 4*r - s. Suppose -6*l + 2 = -4*l. What is the greatest common factor of r and l?
1
Let p = -51 + 57. Suppose p*t - 5*t + 6 = v, -4*t = 4. Suppose -v*c = -520 - 290. What is the highest common divisor of 18 and c?
18
Let k = 929 + -114. Suppose f = 5*a + 167, -4*f + 5*a + k = f. What is the highest common factor of f and 18?
18
Let n = -171 - -179. Suppose -884 + 3364 = 10*r. What is the greatest common divisor of n and r?
8
Suppose 191*j - 4942877 - 16426393 = -199*j. Calculate the greatest common divisor of j and 349.
349
Suppose -4*y + 270 = 6*z - z, z - 4*y = 54. Calculate the greatest common factor of z and 36.
18
Let d(k) = 3*k**2 - 4*k + 20. Let i be d(4). Suppose b - 498 = 74. What is the greatest common divisor of b and i?
52
Let c(v) = 15*v + 437. Let a be c(-19). Calculate the greatest common factor of a and 893.
19
Let f be (-33)/(4*(-6)/48). Calculate the greatest common factor of f and 2211.
33
Let v be -34*((5/(-1))/(-5)*-31)/2. What is the greatest common divisor of v and 62?
31
Let v be -4*(6/8)/1. Let g be (-945)/81*v*1. What is the highest common factor of 385 and g?
35
Let s = -275 + 279. Suppose -3*k + 727 = 3*w + 295, -s*w - 5*k = -573. Calculate the highest common factor of 49 and w.
49
Let i(m) = 91*m + 482. Let r be i(-5). Calculate the highest common factor of 96 and r.
3
Let i be (10/2)/(-10) - (-5)/(30/2547). What is the greatest common factor of 88 and i?
8
Suppose 5*m + 18 = 28. Suppose 0 = -m*l + 3*l + 70. Let y = 77 + l. Calculate the greatest common divisor of y and 42.
7
Suppose -4*q + 4*d = -23368, 4*q + 2*d - 19339 = 4005. What is the greatest common divisor of 42 and q?
42
Suppose 2*t = 118*u - 119*u + 50, t + 4*u - 32 = 0. Let z = 127 + -95. Calculate the greatest common divisor of t and z.
8
Let j = 0 + 9. Let m be (-27)/j - (0 - 25). Suppose 0 = 2*y + 2*k - 50, -4*y + 0*k - k = -91. What is the highest common factor of m and y?
22
Let h = 13542 + -10686. Calculate the highest common divisor of 105 and h.
21
Suppose 0 = -g + 5*c + 336, -216*c = -215*c + 6. What is the highest common divisor of g and 1088?
34
Let m = 129 + -126. Suppose -m*l + 203 = 5*s, 5*s + 0*s - 2*l - 198 = 0. Calculate the greatest common factor of s and 35.
5
Let c be (-12 - 6020/30)*18/(-2 + -1). What is the greatest common factor of 22 and c?
22
Let t = 15143 - 3481. Calculate the greatest common divisor of t and 49.
49
Let f = 40378 - 40128. What is the greatest common factor of 575 and f?
25
Let r = -12959 + 15071. Calculate the greatest common divisor of 429 and r.
33
Let r(l) = -l**2 + 12*l + 1. Let k = -188 + 193. Let j be r(k). What is the greate